uppose o = 5*j + 35 - 10, 4*j - 1040 = -4*l. Is l prime?
False
Suppose 0 = -y + 4*j + 17352 + 78499, 3*j - 383480 = -4*y. Is y a prime number?
False
Let f = -212 + 702. Let n = 1757 - f. Is n prime?
False
Let x = 297537 - 141230. Is x a composite number?
False
Let t(z) = -43*z - 13. Let v be t(7). Let a = v - 239. Let q = -66 - a. Is q composite?
False
Let v(x) = -214*x - 65. Is v(-6) a composite number?
True
Let o(a) = 111 - 48 - 46 + 288*a. Is o(4) composite?
True
Is (-210)/(-55) - 4 - 4566159/(-143) prime?
False
Let h be ((-8)/12)/(12/(-54)). Suppose p + 2*j - 1798 + 141 = 0, -h*j = 0. Is p composite?
False
Let q(v) = -3*v + 68. Let m(f) = f - 34. Let d(p) = -5*m(p) - 2*q(p). Let u be -2 - (-1 + 0 + -1). Is d(u) composite?
True
Suppose 21*z - 9719 = 1474. Is z a prime number?
False
Let n be -3 - (-102)/36 - (-14)/12. Is n*-3514*1/(-2) a prime number?
False
Let x(w) = -w**3 + 17*w**2 - 19*w - 13. Let f be x(12). Let z be ((-1047)/(-2))/((-6)/(-8)). Let y = z - f. Is y a composite number?
True
Let a(s) = 82*s - 3. Let f = 2 + -1. Let k be a(f). Suppose -k - 183 = -m. Is m composite?
True
Suppose -3*m + 3*u - 7*u + 2091 = 0, 3*m - u = 2091. Is m a composite number?
True
Suppose 6342 = 15*x - 9*x. Is x + 0/(-1 + -2) composite?
True
Let r(g) = 192*g**2 - 15*g + 37. Is r(4) a composite number?
False
Let a = -19 + 18. Let p be 21/9*21/a. Let u = 135 + p. Is u a composite number?
True
Let b(k) = 3*k**3 - 7*k**2 + 1. Suppose 3*n - 4*n = -17. Let y = -12 + n. Is b(y) a prime number?
False
Let l = -29448 - -51869. Is l prime?
False
Let t(q) = q**3 + 8*q**2 - 6*q + 12. Let r be (-6)/21 + 856/56. Let g = 20 - r. Is t(g) a prime number?
True
Let f = -1172 - -812. Let c = 667 + f. Is c prime?
True
Suppose 2*n = -2*f + 374, -f + 5*n + 255 = 44. Is f a prime number?
True
Let n(o) = -3*o**3 - o**2 - 2*o - 1. Let a be n(-1). Suppose 3*r - 4*b + a*b = 2725, 2*b - 3620 = -4*r. Is r a composite number?
False
Suppose 17 = -9*l + 71. Let x(b) = -b**2 + 1. Let a(m) = 6*m**2 - 4*m - 5. Let c(i) = a(i) - 2*x(i). Is c(l) a composite number?
False
Let r(h) = 27*h**2 - 3*h - 1. Suppose -m - 1 = 0, 6*m - 5 = 3*p + 2*m. Is r(p) a prime number?
True
Suppose 5*h - d - 7 = -2*d, -h = 3*d + 7. Is (-838)/1*((-7)/2 + h) a composite number?
True
Let s(w) = 205*w**2 - 15*w + 7. Is s(6) composite?
False
Is 2/((-4)/(-6)) + (-180842)/(-19) prime?
True
Let n(f) = 50*f - 5. Let q(c) be the second derivative of c**3/3 + 3*c**2 - 3*c. Let g be q(0). Is n(g) a prime number?
False
Suppose 4*u - 2 = -14. Is ((-1)/(-2)*u)/(1/(-334)) a prime number?
False
Let p = 3 - -3. Let v be (2 + p)*(10 - 3). Suppose -m + v = -50. Is m prime?
False
Let u(b) = -300*b - 12. Let y be u(-4). Suppose -y = -5*a - x + 4491, 3*a + x - 3409 = 0. Is a a prime number?
False
Let p(g) be the second derivative of g**5/5 - g**4/12 + g**3/3 + 12*g**2 - 15*g. Is p(7) a prime number?
True
Let d(w) = 11*w**2 + w - 1. Let k(r) = -10*r**2 + 1. Let i(b) = -5*d(b) - 6*k(b). Let f be (-4)/(-6)*6*1. Is i(f) prime?
True
Suppose u = 2*u - 1085. Let p = 2599 - u. Is p prime?
False
Let t(s) = -2*s**3 - 8*s**2 + 16*s - 97. Is t(-15) composite?
True
Let n be (4/6)/(2/3). Let a be ((-42)/(-24))/(n/36). Let l = a + -20. Is l a prime number?
True
Is -1814*(189/14)/9*-1 prime?
False
Let y(l) = 3*l**2 + 3*l + 1651. Is y(0) a composite number?
True
Let o = -8141 + 13162. Is o a composite number?
False
Is (1 + -2)/((-2 - 1)/17007) prime?
True
Let q = 6 - 2. Suppose 2*c - q*c = 0. Suppose 3*t + 46 - 268 = c. Is t composite?
True
Suppose -2*u - 2 = -4*b + 7*b, 2*b + 2*u = 0. Let f(g) be the third derivative of -17*g**4/12 - g**3/6 + g**2. Is f(b) a composite number?
False
Let n be (190/15)/(-2*(-3)/9). Let o(l) = l**3 - 19*l**2 + 3*l + 34. Is o(n) a prime number?
False
Suppose 49 + 67 = -4*c. Let q = c + 145. Let m = 177 + q. Is m prime?
True
Let w(x) = 10*x**2 + x. Let p be w(-1). Suppose -p = 4*d - 37. Is d prime?
True
Suppose 10*q + 16045 = 5*q. Let g = q - -5542. Is g composite?
False
Let z(u) = 33*u - 29. Let d(h) = -34*h + 30. Let k(q) = 6*d(q) + 5*z(q). Is k(-13) composite?
True
Let w(j) = 1345*j + 3. Let q(n) = -448*n - 1. Let d(b) = 7*q(b) + 2*w(b). Is d(-1) prime?
False
Let s(c) = -c**2 + 7*c - 7. Let p be s(5). Suppose 0 = p*l - 5*l. Suppose -6*r + 2*r - 16 = l, -5*t = -2*r - 823. Is t a composite number?
False
Let i = -134 - -120. Is (4684/(-6))/(i/21) prime?
True
Let k = -247 + 410. Let w = k - -732. Is w prime?
False
Suppose -3657 = -p - 2*p. Is p composite?
True
Let r be -266*(39/(-6) - -4). Let g = r - 298. Is g composite?
False
Is (-2 + (-54)/9)*2003/(-4) composite?
True
Let p(z) = 5*z**3 - 2*z**2 + 1. Let v be p(1). Suppose -v*b = 2*y - 2578, 3*b = -2*y - y + 3870. Is y composite?
False
Let g = 130 - -327. Is g a prime number?
True
Let j(r) = 69*r - 2. Let l(t) = 1. Let k(o) = -j(o) - 4*l(o). Is k(-1) a prime number?
True
Let r = -588 - -322. Let l = r + 512. Suppose g + g = l. Is g a composite number?
True
Let a be (-1)/2 - 1591/(-2). Let w = a + -544. Is w composite?
False
Let y(n) = 2*n + 2. Let c be y(1). Suppose l = -c*m + 3*l + 3414, -3*m + 2578 = -5*l. Is m a prime number?
False
Let b = 43603 + -30096. Is b a prime number?
False
Suppose -34 + 13 = -7*r. Suppose -2*a - 565 = -z, -z - r*a = -5*z + 2260. Is z a composite number?
True
Suppose -429 - 107 = -3*a - r, -3*r = -6. Is a composite?
True
Suppose -7*y = -5*y - 6. Suppose -3*p + 81 = -3*v - 2*p, -3*v - 66 = 4*p. Is 0 + 0/y - v composite?
True
Is (-6)/39 + 172618/26 prime?
False
Let r = -13783 - -21876. Is r a composite number?
False
Let k(y) = 6*y**2 - 11*y + 51. Let x be k(7). Suppose -315 - x = -g. Is g composite?
True
Let a(s) = s**2 + 3*s + 1259. Let m = -12 - -12. Is a(m) a prime number?
True
Let u(q) = -2*q**3 - 2*q**2 + 2*q - 5. Let t be u(-5). Let l = t - -488. Is l composite?
False
Let u(f) = f**3 - 11*f**2 + 11*f - 7. Let k be u(11). Let i = -51 + k. Suppose i = r + 2*r. Is r a composite number?
True
Let q(n) be the second derivative of n**6/120 + 7*n**5/30 - 5*n**4/12 + 5*n**3/6 - n**2 + 7*n. Let z(b) be the first derivative of q(b). Is z(-14) prime?
False
Suppose 3*k - 3*m = -0*k + 5946, 4*m = 5*k - 9915. Is k a prime number?
True
Suppose 0 = -3*w - 3*v + 1434, -7 = -5*v + 18. Is w composite?
True
Let x(a) be the second derivative of 0 + 5/2*a**4 + 5*a + 1/6*a**3 + 9/2*a**2. Is x(-4) a prime number?
False
Suppose 0 = 4*q - 7 - 1. Let o(g) = -4*g**3 - 22*g + 0*g**3 - 13*g**q + 5*g**3 - 1. Is o(15) prime?
False
Let f(w) = 52*w - 67. Is f(38) a composite number?
True
Let g = 55 + -40. Let s be (-4)/(2 + 12/(-5)). Is 2954/s + (-6)/g a composite number?
True
Let m be (-1)/((-6)/(-46))*-54. Let v = m + -77. Is v a composite number?
False
Suppose -2*m + 127390 = -4*b, -m + 2*b - 191069 = -4*m. Is m prime?
True
Is 13/39*209445/5 composite?
False
Suppose -3*n = -4*g - 55, -4*g + 2*n = 26 + 28. Let r be g - -13 - (-1 + 23). Let a = 80 + r. Is a a composite number?
True
Let b be (-89)/((-129)/42 + 3). Suppose -2*l = -3*a + 3778, 4*l + b = a - 0*a. Is a composite?
True
Let u(r) = r**3 + 4*r**2 - 4*r. Let i be u(-5). Let c(d) = -d**2 - 5*d + 2. Let l be c(i). Suppose 3*a = -5*n + 57 - 4, -l*a + 5 = n. Is n prime?
True
Let x be ((-10)/(-4))/(120/96). Is (1 - (-1515)/10)*x a prime number?
False
Suppose 48354 = -109*o + 115*o. Is o a prime number?
True
Let y be 2694 - (1 - 3 - -4). Is -2*(-3 + 5)*y/(-16) composite?
False
Let j = -1463 - -10572. Is j composite?
False
Is (-2)/(-12) - (-2439045)/162 - 3 prime?
True
Suppose 2*u - 27 = u. Suppose 4*q = u + 977. Is q prime?
True
Suppose -2*c - 3*c = -3165. Suppose -3*g - 2*j = j + 6, 3*g + 2*j = -1. Suppose -3*n - 4*d = -c, 422 = 2*n + d - g*d. Is n a composite number?
False
Suppose 92347 + 73742 = 21*h. Is h a prime number?
False
Suppose 4*h + 16638 = 186506. Is h a composite number?
False
Suppose -7*h + 13406 - 687 = 0. Is h a composite number?
True
Suppose 4*m - 18 = 2. Let b(w) = 3*w**3 - w + 1. Let q be b(1). Suppose 2*h - 64 = -2*h + q*u, -m*u - 75 = -5*h. Is h prime?
True
Suppose -5*a + 3804 = -88841. Is a composite?
True
Let k be ((-3)/9)/(1/(-13305)). Suppose -w - k = 4*w. Let o = 1284 + w. Is o a prime number?
True
Let l(h) be the third derivative of h**6/120 + h**5/4 + 3*h**4/4 - 7*h**3/6 + 3*h**2. Suppose 3*